{"id":84,"date":"2021-12-16T16:13:11","date_gmt":"2021-12-16T15:13:11","guid":{"rendered":"https:\/\/klimop.woluwe1200.be\/?page_id=84"},"modified":"2022-06-21T10:43:30","modified_gmt":"2022-06-21T08:43:30","slug":"geschiedenis","status":"publish","type":"page","link":"https:\/\/klimop.woluwe1200.be\/index.php\/geschiedenis\/","title":{"rendered":"Geschiedenis"},"content":{"rendered":"\n<p>Er was eens \u2026.&nbsp;&nbsp;<\/p>\n\n\n\n<p>In de beginjaren \u201960 start het gemeentebestuur van Sint-Lambrechts-Woluwe met een pilootproject voor kinderen met leermoeilijkheden in de lagere school.&nbsp; Dit was \u00e9\u00e9n van de 1<sup>ste<\/sup> initiatieven in Belgi\u00eb voor deze kinderen op het niveau van het lager onderwijs.&nbsp; In 1963 deed men dit voor het Franstalig onderwijs en in september 1964 voor het Nederlandstalig onderwijs.<\/p>\n\n\n\n<div class=\"wp-block-image\"><figure class=\"aligncenter size-full\"><img loading=\"lazy\" width=\"200\" height=\"150\" src=\"https:\/\/klimop.woluwe1200.be\/wp-content\/uploads\/2022\/06\/oude-school.jpg\" alt=\"\" class=\"wp-image-194\"\/><figcaption>Oude school<\/figcaption><\/figure><\/div>\n\n\n\n<p>De oorspronkelijke gemeentelijke lagere school Vervloesem die \u00e9n Nederlandstalige \u00e9n Franstalige klassen had , onder \u00e9\u00e9nzelfde directeur, werd omwille van de taalwet (30 juli 1963) opgesplitst.&nbsp;<\/p>\n\n\n\n<p>De Nederlandstalige leerlingen worden verdeeld over twee vestigingsplaatsen : de Prins Boudewijnschool (kleuterklassen en 2 klassen lager onderwijs en de Prinses Paolaschool (3 graadklassen lager onderwijs).&nbsp; Mevr. Coutereel werd de 1<sup>ste<\/sup> directrice van de Nederlandstalige school.<\/p>\n\n\n\n<p><a><\/a>De Prinses Paolaschool werd geopend op 1 september 1964.&nbsp; Deze school had op dat ogenblik 1 klasje voor kinderen met leerstoornissen en\/of leermoeilijkheden.&nbsp; Deze klas bevond zich &nbsp;in de vestigingsplaats Prins Boudewijnschool.&nbsp;<\/p>\n\n\n\n<p>Op 1 september 1965 werd er al een tweede klas opgericht voor kinderen met leermoeilijkheden.&nbsp; Initiatiefnemers voor deze klassen waren de heren Donald Fallon (burgemeester) en Pierre Jonnart (schepen van onderwijs).&nbsp;<\/p>\n\n\n\n<p>Een kinderpsychologe Dr. Anne Coen-Gelders en een kinderpsychiater Dr. Paul Lievens werden aangesteld om de leerlingen te begeleiden.&nbsp; In 1970 telde de school reeds 3 klasjes voor leerlingen met leerstoornissen.&nbsp; De begeleiding van de leerlingen &nbsp;werd verder uitgebreid door de aanstelling van een logopediste.&nbsp; Mevr. Ingrid De Waele nam deze taak in oktober 1970 op zich.<\/p>\n\n\n\n<p>Dit initiatief van de gemeente Sint-Lambrechts-Woluwe toonde dat zij reeds &nbsp;lang voor de goedkeuring van de wet op het buitengewoon en het ge\u00efntegreerd onderwijs in juli 1970, het belang inzagen om klassen in te richten die mits een meer ge\u00efndividualiseerde aanpak meer kansen boden aan leerlingen met leermoeilijkheden.&nbsp;<\/p>\n\n\n\n<figure class=\"wp-block-image size-full\"><img loading=\"lazy\" width=\"600\" height=\"300\" src=\"https:\/\/klimop.woluwe1200.be\/wp-content\/uploads\/2022\/06\/containerschool.jpg\" alt=\"\" class=\"wp-image-196\" srcset=\"https:\/\/klimop.woluwe1200.be\/wp-content\/uploads\/2022\/06\/containerschool.jpg 600w, https:\/\/klimop.woluwe1200.be\/wp-content\/uploads\/2022\/06\/containerschool-300x150.jpg 300w, https:\/\/klimop.woluwe1200.be\/wp-content\/uploads\/2022\/06\/containerschool-500x250.jpg 500w\" sizes=\"(max-width: 600px) 100vw, 600px\" \/><figcaption>Container school<\/figcaption><\/figure>\n\n\n\n<p>In 1974 kwam er dan eindelijk een splitsing tussen het gewoon basisonderwijs en het buitengewoon lager onderwijs.&nbsp; Het buitengewoon onderwijs kreeg een aparte directie&nbsp; mevr. Maria Vandevenne-Dendievel.&nbsp;&nbsp;&nbsp;&nbsp;&nbsp;&nbsp; &nbsp; 1 september 1974 is dan ook de echte ontstaansdatum van de school.<\/p>\n\n\n\n<p><a><\/a>In 1976 werd de heer Gilbert Baeke directeur van de \u201cGemeentelijk inrichting voor buitengewoon lager onderwijs\u201d afgekort als G.I.B.L.O.&nbsp; In 1977 werd door het schoolteam het boek \u201cKinderen met leermoeilijkheden\u201d gepubliceerd.<\/p>\n\n\n\n<p><a><\/a>In december 1980 wordt het paramedisch team opnieuw uitgebreid met een kinisiste.&nbsp; Mevr. Katleen Smets werd hiervoor aangesteld.&nbsp; In 1984 wordt zij vervangen door mevr. Nicole Maenhout.<\/p>\n\n\n\n<p><a><\/a>In maart 1981 krijgt de school een meer kindvriendelijke naam \u201cKlim Op-School\u201d.&nbsp; Deze naam verwijst niet alleen naar de klimopplanten die werden aangeplant maar vooral naar het pedagogisch en psychologisch opklimmen van de kinderen.&nbsp; Aan de nieuwe naam is een verhaal verbonden.<\/p>\n\n\n\n<p><a><\/a>Tijdens de jaren \u201880 en \u201890 organiseert de school enkele studiedagen in samenwerking met interne en externe sprekers met eraan verbonden tentoonstellingen die de werking van de school illustreren.&nbsp; Door de goede faam en bekendheid van de school neemt het leerlingenaantal toe.<\/p>\n\n\n\n<p><a><\/a>In september 2002 gaat meester Baeke op TBS en wordt mevr. Mariet Vandersmissen de nieuwe directeur van de school.<\/p>\n\n\n\n<p><a><\/a>In 2003 wordt het paramedisch team opnieuw uitgebreid door de aanstelling van een orthopedagoge.<\/p>\n\n\n\n<figure class=\"wp-block-image size-full\"><img loading=\"lazy\" width=\"720\" height=\"527\" src=\"https:\/\/klimop.woluwe1200.be\/wp-content\/uploads\/2022\/06\/speelplaats.jpg\" alt=\"\" class=\"wp-image-197\" srcset=\"https:\/\/klimop.woluwe1200.be\/wp-content\/uploads\/2022\/06\/speelplaats.jpg 720w, https:\/\/klimop.woluwe1200.be\/wp-content\/uploads\/2022\/06\/speelplaats-300x220.jpg 300w, https:\/\/klimop.woluwe1200.be\/wp-content\/uploads\/2022\/06\/speelplaats-410x300.jpg 410w\" sizes=\"(max-width: 720px) 100vw, 720px\" \/><figcaption>Speel[plaats<\/figcaption><\/figure>\n\n\n\n<p><a><\/a>In september 2008 wordt mevr. Elke Verlinden de volgende directie van de school.&nbsp; Zij zal deze functie uitoefenen tot september 2015.&nbsp; Vanaf dan tot op heden is mevr. B\u00e9atrice Missotten de directie van de school.<\/p>\n\n\n\n<p><a><\/a>Op 12 maart 2014 wordt het M-decreet goedgekeurd.&nbsp; Het M-decreet heeft als doel meer kinderen met een beperking een plaats geven in het gewoon onderwijs.&nbsp; Ze krijgen recht op redelijke aanpassingen om in een gewone school gewoon onderwijs te kunnen volgen.&nbsp; Er zijn richtlijnen voor het zorgbeleid die de scholen dienen te volgen.&nbsp; Men verwacht dat het aantal leerlingen in het buitengewoon onderwijs sterk zal verminderen.&nbsp; De vrijgekomen ambten zullen worden ingezet om leerkrachten of leerlingen te ondersteunen in het gewoon onderwijs.&nbsp; Hiervoor worden ondersteuningsnetwerken opgezet.&nbsp;<\/p>\n\n\n\n<p><a><\/a>Op 1 september 2015 treedt het M-decreet in voege.&nbsp; De benaming type 1 en type 8 bestaat niet meer en wordt vervangen door type basisaanbod.&nbsp; Vanaf september 2017 maakt de school ook deel uit van het ONW centrum (ondersteuningsnetwerk centrum).<\/p>\n\n\n\n<figure class=\"wp-block-image size-full\"><img loading=\"lazy\" width=\"711\" height=\"540\" src=\"https:\/\/klimop.woluwe1200.be\/wp-content\/uploads\/2022\/06\/klim-op.jpg\" alt=\"\" class=\"wp-image-195\" srcset=\"https:\/\/klimop.woluwe1200.be\/wp-content\/uploads\/2022\/06\/klim-op.jpg 711w, https:\/\/klimop.woluwe1200.be\/wp-content\/uploads\/2022\/06\/klim-op-300x228.jpg 300w, https:\/\/klimop.woluwe1200.be\/wp-content\/uploads\/2022\/06\/klim-op-395x300.jpg 395w\" sizes=\"(max-width: 711px) 100vw, 711px\" \/><figcaption>Speelplaats<\/figcaption><\/figure>\n\n\n\n<p><a><\/a>In september 2017 verhuist de school naar tijdelijke containerklassen op de bestaande site in het vooruitzicht van een nieuwbouw.<\/p>\n","protected":false},"excerpt":{"rendered":"<p>Er was eens \u2026.&nbsp;&nbsp; In de beginjaren \u201960 start het gemeentebestuur van Sint-Lambrechts-Woluwe met een pilootproject voor kinderen met leermoeilijkheden in de lagere school.&nbsp; Dit was \u00e9\u00e9n van de 1ste initiatieven in Belgi\u00eb voor deze kinderen op het niveau van &hellip; <a href=\"https:\/\/klimop.woluwe1200.be\/index.php\/geschiedenis\/\">Continue reading <span class=\"meta-nav\">&rarr;<\/span><\/a><\/p>\n","protected":false},"author":1,"featured_media":0,"parent":0,"menu_order":0,"comment_status":"closed","ping_status":"closed","template":"","meta":[],"_links":{"self":[{"href":"https:\/\/klimop.woluwe1200.be\/index.php\/wp-json\/wp\/v2\/pages\/84"}],"collection":[{"href":"https:\/\/klimop.woluwe1200.be\/index.php\/wp-json\/wp\/v2\/pages"}],"about":[{"href":"https:\/\/klimop.woluwe1200.be\/index.php\/wp-json\/wp\/v2\/types\/page"}],"author":[{"embeddable":true,"href":"https:\/\/klimop.woluwe1200.be\/index.php\/wp-json\/wp\/v2\/users\/1"}],"replies":[{"embeddable":true,"href":"https:\/\/klimop.woluwe1200.be\/index.php\/wp-json\/wp\/v2\/comments?post=84"}],"version-history":[{"count":4,"href":"https:\/\/klimop.woluwe1200.be\/index.php\/wp-json\/wp\/v2\/pages\/84\/revisions"}],"predecessor-version":[{"id":200,"href":"https:\/\/klimop.woluwe1200.be\/index.php\/wp-json\/wp\/v2\/pages\/84\/revisions\/200"}],"wp:attachment":[{"href":"https:\/\/klimop.woluwe1200.be\/index.php\/wp-json\/wp\/v2\/media?parent=84"}],"curies":[{"name":"wp","href":"https:\/\/api.w.org\/{rel}","templated":true}]}}

<p>Er was eens ….&nbsp;&nbsp;</p>



<p>In de beginjaren ’60 start het gemeentebestuur van Sint-Lambrechts-Woluwe met een pilootproject voor kinderen met leermoeilijkheden in de lagere school.&nbsp; Dit was één van de 1<sup>ste</sup> initiatieven in België voor deze kinderen op het niveau van het lager onderwijs.&nbsp; In 1963 deed men dit voor het Franstalig onderwijs en in september 1964 voor het Nederlandstalig onderwijs.</p>



<div class="wp-block-image"><figure class="aligncenter size-full"><img loading="lazy" width="200" height="150" src="https://klimop.woluwe1200.be/wp-content/uploads/2022/06/oude-school.jpg" alt="" class="wp-image-194"/><figcaption>Oude school</figcaption></figure></div>



<p>De oorspronkelijke gemeentelijke lagere school Vervloesem die én Nederlandstalige én Franstalige klassen had , onder éénzelfde directeur, werd omwille van de taalwet (30 juli 1963) opgesplitst.&nbsp;</p>



<p>De Nederlandstalige leerlingen worden verdeeld over twee vestigingsplaatsen : de Prins Boudewijnschool (kleuterklassen en 2 klassen lager onderwijs en de Prinses Paolaschool (3 graadklassen lager onderwijs).&nbsp; Mevr. Coutereel werd de 1<sup>ste</sup> directrice van de Nederlandstalige school.</p>



<p><a></a>De Prinses Paolaschool werd geopend op 1 september 1964.&nbsp; Deze school had op dat ogenblik 1 klasje voor kinderen met leerstoornissen en/of leermoeilijkheden.&nbsp; Deze klas bevond zich &nbsp;in de vestigingsplaats Prins Boudewijnschool.&nbsp;</p>



<p>Op 1 september 1965 werd er al een tweede klas opgericht voor kinderen met leermoeilijkheden.&nbsp; Initiatiefnemers voor deze klassen waren de heren Donald Fallon (burgemeester) en Pierre Jonnart (schepen van onderwijs).&nbsp;</p>



<p>Een kinderpsychologe Dr. Anne Coen-Gelders en een kinderpsychiater Dr. Paul Lievens werden aangesteld om de leerlingen te begeleiden.&nbsp; In 1970 telde de school reeds 3 klasjes voor leerlingen met leerstoornissen.&nbsp; De begeleiding van de leerlingen &nbsp;werd verder uitgebreid door de aanstelling van een logopediste.&nbsp; Mevr. Ingrid De Waele nam deze taak in oktober 1970 op zich.</p>



<p>Dit initiatief van de gemeente Sint-Lambrechts-Woluwe toonde dat zij reeds &nbsp;lang voor de goedkeuring van de wet op het buitengewoon en het geïntegreerd onderwijs in juli 1970, het belang inzagen om klassen in te richten die mits een meer geïndividualiseerde aanpak meer kansen boden aan leerlingen met leermoeilijkheden.&nbsp;</p>



<figure class="wp-block-image size-full"><img loading="lazy" width="600" height="300" src="https://klimop.woluwe1200.be/wp-content/uploads/2022/06/containerschool.jpg" alt="" class="wp-image-196" srcset="https://klimop.woluwe1200.be/wp-content/uploads/2022/06/containerschool.jpg 600w, https://klimop.woluwe1200.be/wp-content/uploads/2022/06/containerschool-300x150.jpg 300w, https://klimop.woluwe1200.be/wp-content/uploads/2022/06/containerschool-500x250.jpg 500w" sizes="(max-width: 600px) 100vw, 600px" /><figcaption>Container school</figcaption></figure>



<p>In 1974 kwam er dan eindelijk een splitsing tussen het gewoon basisonderwijs en het buitengewoon lager onderwijs.&nbsp; Het buitengewoon onderwijs kreeg een aparte directie&nbsp; mevr. Maria Vandevenne-Dendievel.&nbsp;&nbsp;&nbsp;&nbsp;&nbsp;&nbsp; &nbsp; 1 september 1974 is dan ook de echte ontstaansdatum van de school.</p>



<p><a></a>In 1976 werd de heer Gilbert Baeke directeur van de “Gemeentelijk inrichting voor buitengewoon lager onderwijs” afgekort als G.I.B.L.O.&nbsp; In 1977 werd door het schoolteam het boek “Kinderen met leermoeilijkheden” gepubliceerd.</p>



<p><a></a>In december 1980 wordt het paramedisch team opnieuw uitgebreid met een kinisiste.&nbsp; Mevr. Katleen Smets werd hiervoor aangesteld.&nbsp; In 1984 wordt zij vervangen door mevr. Nicole Maenhout.</p>



<p><a></a>In maart 1981 krijgt de school een meer kindvriendelijke naam “Klim Op-School”.&nbsp; Deze naam verwijst niet alleen naar de klimopplanten die werden aangeplant maar vooral naar het pedagogisch en psychologisch opklimmen van de kinderen.&nbsp; Aan de nieuwe naam is een verhaal verbonden.</p>



<p><a></a>Tijdens de jaren ‘80 en ‘90 organiseert de school enkele studiedagen in samenwerking met interne en externe sprekers met eraan verbonden tentoonstellingen die de werking van de school illustreren.&nbsp; Door de goede faam en bekendheid van de school neemt het leerlingenaantal toe.</p>



<p><a></a>In september 2002 gaat meester Baeke op TBS en wordt mevr. Mariet Vandersmissen de nieuwe directeur van de school.</p>



<p><a></a>In 2003 wordt het paramedisch team opnieuw uitgebreid door de aanstelling van een orthopedagoge.</p>



<figure class="wp-block-image size-full"><img loading="lazy" width="720" height="527" src="https://klimop.woluwe1200.be/wp-content/uploads/2022/06/speelplaats.jpg" alt="" class="wp-image-197" srcset="https://klimop.woluwe1200.be/wp-content/uploads/2022/06/speelplaats.jpg 720w, https://klimop.woluwe1200.be/wp-content/uploads/2022/06/speelplaats-300x220.jpg 300w, https://klimop.woluwe1200.be/wp-content/uploads/2022/06/speelplaats-410x300.jpg 410w" sizes="(max-width: 720px) 100vw, 720px" /><figcaption>Speel[plaats</figcaption></figure>



<p><a></a>In september 2008 wordt mevr. Elke Verlinden de volgende directie van de school.&nbsp; Zij zal deze functie uitoefenen tot september 2015.&nbsp; Vanaf dan tot op heden is mevr. Béatrice Missotten de directie van de school.</p>



<p><a></a>Op 12 maart 2014 wordt het M-decreet goedgekeurd.&nbsp; Het M-decreet heeft als doel meer kinderen met een beperking een plaats geven in het gewoon onderwijs.&nbsp; Ze krijgen recht op redelijke aanpassingen om in een gewone school gewoon onderwijs te kunnen volgen.&nbsp; Er zijn richtlijnen voor het zorgbeleid die de scholen dienen te volgen.&nbsp; Men verwacht dat het aantal leerlingen in het buitengewoon onderwijs sterk zal verminderen.&nbsp; De vrijgekomen ambten zullen worden ingezet om leerkrachten of leerlingen te ondersteunen in het gewoon onderwijs.&nbsp; Hiervoor worden ondersteuningsnetwerken opgezet.&nbsp;</p>



<p><a></a>Op 1 september 2015 treedt het M-decreet in voege.&nbsp; De benaming type 1 en type 8 bestaat niet meer en wordt vervangen door type basisaanbod.&nbsp; Vanaf september 2017 maakt de school ook deel uit van het ONW centrum (ondersteuningsnetwerk centrum).</p>



<figure class="wp-block-image size-full"><img loading="lazy" width="711" height="540" src="https://klimop.woluwe1200.be/wp-content/uploads/2022/06/klim-op.jpg" alt="" class="wp-image-195" srcset="https://klimop.woluwe1200.be/wp-content/uploads/2022/06/klim-op.jpg 711w, https://klimop.woluwe1200.be/wp-content/uploads/2022/06/klim-op-300x228.jpg 300w, https://klimop.woluwe1200.be/wp-content/uploads/2022/06/klim-op-395x300.jpg 395w" sizes="(max-width: 711px) 100vw, 711px" /><figcaption>Speelplaats</figcaption></figure>



<p><a></a>In september 2017 verhuist de school naar tijdelijke containerklassen op de bestaande site in het vooruitzicht van een nieuwbouw.</p>

<p>Er was eens ….&nbsp;&nbsp; In de beginjaren ’60 start het gemeentebestuur van Sint-Lambrechts-Woluwe met een pilootproject voor kinderen met leermoeilijkheden in de lagere school.&nbsp; Dit was één van de 1ste initiatieven in België voor deze kinderen op het niveau van &hellip; <a href="https://klimop.woluwe1200.be/index.php/geschiedenis/">Continue reading <span class="meta-nav">&rarr;</span></a></p>
